at is the thousands digit of 213492?
3
What is the ten thousands digit of 27843501?
4
What is the units digit of 382196?
6
What is the thousands digit of 1687413?
7
What is the hundred thousands digit of 180214?
1
What is the hundreds digit of 9099289?
2
What is the thousands digit of 12107555?
7
What is the units digit of 126545?
5
What is the thousands digit of 141288?
1
What is the thousands digit of 342963?
2
What is the hundreds digit of 241162?
1
What is the hundreds digit of 886931?
9
What is the ten thousands digit of 28202419?
0
What is the millions digit of 3048446?
3
What is the hundred thousands digit of 21374776?
3
What is the ten thousands digit of 794626?
9
What is the thousands digit of 5956555?
6
What is the units digit of 12350914?
4
What is the units digit of 352253?
3
What is the tens digit of 77535?
3
What is the ten thousands digit of 19491?
1
What is the thousands digit of 12204579?
4
What is the ten thousands digit of 127765?
2
What is the millions digit of 37103221?
7
What is the thousands digit of 9758460?
8
What is the tens digit of 296899?
9
What is the hundred thousands digit of 38042487?
0
What is the ten thousands digit of 63067?
6
What is the hundred thousands digit of 28974799?
9
What is the ten thousands digit of 459750?
5
What is the hundreds digit of 1059711?
7
What is the hundred thousands digit of 222171?
2
What is the hundreds digit of 83605?
6
What is the hundreds digit of 1725475?
4
What is the ten thousands digit of 4315680?
1
What is the units digit of 202302?
2
What is the thousands digit of 1053644?
3
What is the units digit of 553496?
6
What is the hundreds digit of 271467?
4
What is the tens digit of 10338913?
1
What is the tens digit of 14803?
0
What is the units digit of 1632845?
5
What is the hundreds digit of 19353278?
2
What is the units digit of 6521227?
7
What is the ten thousands digit of 56685?
5
What is the ten thousands digit of 115271?
1
What is the units digit of 165760?
0
What is the hundred thousands digit of 287353?
2
What is the units digit of 3553145?
5
What is the units digit of 499019?
9
What is the tens digit of 9859718?
1
What is the millions digit of 5612155?
5
What is the thousands digit of 371877?
1
What is the thousands digit of 793021?
3
What is the tens digit of 12168740?
4
What is the hundreds digit of 69514?
5
What is the hundreds digit of 26444?
4
What is the ten thousands digit of 137546?
3
What is the tens digit of 29419332?
3
What is the hundreds digit of 274358?
3
What is the units digit of 1149806?
6
What is the tens digit of 9180603?
0
What is the ten thousands digit of 5252194?
5
What is the hundreds digit of 934287?
2
What is the tens digit of 8253619?
1
What is the tens digit of 927064?
6
What is the hundreds digit of 1543192?
1
What is the hundred thousands digit of 9539187?
5
What is the ten thousands digit of 398187?
9
What is the hundred thousands digit of 244109?
2
What is the hundreds digit of 280447?
4
What is the hundred thousands digit of 2192025?
1
What is the hundreds digit of 5342599?
5
What is the tens digit of 237837?
3
What is the units digit of 444028?
8
What is the hundred thousands digit of 218468?
2
What is the units digit of 158759?
9
What is the units digit of 919080?
0
What is the hundred thousands digit of 13137849?
1
What is the units digit of 582031?
1
What is the ten thousands digit of 4250059?
5
What is the ten millions digit of 11287524?
1
What is the ten thousands digit of 196284?
9
What is the tens digit of 1458758?
5
What is the hundred thousands digit of 2076661?
0
What is the hundred thousands digit of 6257949?
2
What is the millions digit of 35306051?
5
What is the units digit of 3273180?
0
What is the units digit of 1267493?
3
What is the thousands digit of 41417328?
7
What is the tens digit of 92117?
1
What is the hundred thousands digit of 1560430?
5
What is the tens digit of 3480152?
5
What is the millions digit of 2115656?
2
What is the ten thousands digit of 2111937?
1
What is the units digit of 249236?
6
What is the millions digit of 10233990?
0
What is the ten millions digit of 15260568?
1
What is the tens digit of 2154146?
4
What is the tens digit of 240108?
0
What is the tens digit of 514984?
8
What is the hundreds digit of 466942?
9
What is the hundreds digit of 1980387?
3
What is the ten thousands digit of 6231913?
3
What is the units digit of 8955031?
1
What is the units digit of 9381836?
6
What is the hundred thousands digit of 4548076?
5
What is the hundred thousands digit of 2472401?
4
What is the units digit of 3267794?
4
What is the tens digit of 99793?
9
What is the hundreds digit of 194824?
8
What is the tens digit of 13320886?
8
What is the ten thousands digit of 5183042?
8
What is the hundred thousands digit of 822861?
8
What is the hundred thousands digit of 1162856?
1
What is the hundred thousands digit of 6599120?
5
What is the millions digit of 39568920?
9
What is the tens digit of 12711?
1
What is the thousands digit of 11190688?
0
What is the hundreds digit of 148311?
3
What is the hundred thousands digit of 4739323?
7
What is the ten thousands digit of 361120?
6
What is the tens digit of 1782843?
4
What is the thousands digit of 3459594?
9
What is the tens digit of 85564?
6
What is the tens digit of 769622?
2
What is the ten thousands digit of 404252?
0
What is the hundreds digit of 995538?
5
What is the units digit of 2117051?
1
What is the ten thousands digit of 433510?
3
What is the units digit of 8212494?
4
What is the tens digit of 48688?
8
What is the tens digit of 171644?
4
What is the units digit of 63693?
3
What is the hundred thousands digit of 1894766?
8
What is the ten thousands digit of 38167779?
6
What is the ten millions digit of 38787339?
3
What is the hundred thousands digit of 236804?
2
What is the millions digit of 15312226?
5
What is the thousands digit of 32350?
2
What is the hundreds digit of 26880?
8
What is the thousands digit of 19170?
9
What is the millions digit of 10850467?
0
What is the hundreds digit of 1045622?
6
What is the thousands digit of 3521634?
1
What is the thousands digit of 5002620?
2
What is the units digit of 560103?
3
What is the tens digit of 3943002?
0
What is the units digit of 302418?
8
What is the tens digit of 597432?
3
What is the hundred thousands digit of 5294732?
2
What is the tens digit of 301232?
3
What is the units digit of 463218?
8
What is the ten thousands digit of 5763186?
6
What is the hundred thousands digit of 311475?
3
What is the hundred thousands digit of 172039?
1
What is the hundred thousands digit of 300422?
3
What is the thousands digit of 710525?
0
What is the hundred thousands digit of 2853612?
8
What is the tens digit of 606123?
2
What is the units digit of 9960297?
7
What is the tens digit of 236823?
2
What is the thousands digit of 1720322?
0
What is the ten thousands digit of 350691?
5
What is the units digit of 74227?
7
What is the ten thousands digit of 7378278?
7
What is the tens digit of 379757?
5
What is the hundreds digit of 4194492?
4
What is the tens digit of 1065491?
9
What is the hundreds digit of 483869?
8
What is the thousands digit of 2194765?
4
What is the ten thousands digit of 136674?
3
What is the hundred thousands digit of 1050478?
0
What is the hundreds digit of 933371?
3
What is the units digit of 286728?
8
What is the thousands digit of 13048975?
8
What is the hundred thousands digit of 622889?
6
What is the tens digit of 434999?
9
What is the hundreds digit of 4058146?
1
What is the units digit of 474346?
6
What is the tens digit of 310829?
2
What is the units digit of 409209?
9
What is the thousands digit of 54496?
4
What is the units digit of 112051?
1
What is the thousands digit of 10417570?
7
What is the hundred thousands digit of 9328156?
3
What is the hundreds digit of 145292?
2
What is the thousands digit of 915834?
5
What is the units digit of 2950349?
9
What is the units digit of 23153984?
4
What is the ten thousands digit of 1262186?
6
What is the units digit of 85227?
7
What is the hundred thousands digit of 8371768?
3
What is the ten thousands digit of 92352?
9
What is the ten thousands digit of 126099?
2
What is the units digit of 1000281?
1
What is the ten thousands digit of 7139